/(-56)). Calculate the highest common divisor of 154 and y.
22
Let i = 323 + -318. Let p be 2*(55/10 - i) + 6. Let m(d) = d**2 - 6*d + 6. Let b be m(5). What is the highest common divisor of p and b?
1
Let c = 1 + 0. Let u be 43 + (c - 0) + 1. Suppose -5*n + 81 = t, 2*n + 13*t - 12 = -93. What is the highest common divisor of u and n?
9
Suppose -5*o + 102 = -6*o. Let l be 644/17 - (-1 + (-90)/o). Suppose l*b + 124 = 40*b. Calculate the highest common divisor of 372 and b.
62
Suppose -30801*g + 30813*g = 1476. Let l(x) = 9*x**2 + 2*x + 1. Let z be l(2). What is the highest common divisor of g and z?
41
Suppose 250 = -5*g - c, -4*c = 2*g - 2*c + 92. Let j = g + 3. Let u be 7/(35/20) - j. What is the greatest common factor of u and 13?
13
Suppose -7*c - 25 = 17. Let p be (c*(-16)/(-15))/((-2)/(-15)). Let h = 78 + p. Calculate the greatest common factor of h and 75.
15
Let b(w) = 2*w + 296. Let o be b(48). What is the greatest common divisor of o and 40?
8
Let i(p) = -5*p - 40. Let y(c) = -c + 1. Let r(g) = i(g) + 3*y(g). Let q = -2349 + 2343. Let b be r(q). What is the highest common divisor of b and 11?
11
Suppose -1362 = 5*n - 3612. Suppose -3*y = 5*f - 271, -20*f = -23*f - 4*y + 178. Calculate the greatest common factor of n and f.
50
Let w be (4/26)/((-20)/(-260)). Suppose 0 = -w*g - r + 6*r + 54, g - 30 = 4*r. Let j = 76 + -54. What is the highest common factor of j and g?
22
Let l = -2776 - -2782. Calculate the greatest common factor of 2634 and l.
6
Suppose 64*f = -2*v + 63*f + 728, -3*v - 2*f + 1092 = 0. Suppose 5*t - 455 = 2*m - 0*m, 3*m = -4*t + v. Calculate the highest common divisor of t and 91.
91
Let a be 3/(4/168*9). Let w(d) = -8*d**3 + 2*d**2 + 10*d + 4. Let h be w(-2). Calculate the highest common factor of h and a.
14
Let k(z) = z**2 + 17*z - 6. Let o be k(-18). Let g be (-13)/((-52)/24) + 186. Calculate the highest common factor of o and g.
12
Suppose -5*w + 47 - 3 = 2*y, 2*w = 3*y - 28. Let g = 2783 - 2765. What is the greatest common factor of g and y?
6
Suppose -2*k + 0*k + 111 = 3*v, 0 = -5*k - 5*v + 280. Suppose k = 5*o - 2*o. Let a be (-3069)/(-18) + 11/22. Calculate the highest common divisor of a and o.
19
Let q be 5*(-8)/(-120)*-9. Let s be 30/(-6) - (-89 + q). What is the highest common divisor of s and 3?
3
Let u(h) = 9*h - 3. Let r be -1 - -10*(-2)/(-4). Let z be 2 - (-1 - (r + -5)). Let i be u(z). What is the greatest common factor of i and 6?
3
Let t(l) = 3*l**3 - 10*l**2 - 2*l - 30. Let j be t(8). Calculate the highest common divisor of 1054 and j.
34
Let x be (-1)/4 - 402/(-8). Let r be -5 + (5 - -5) - (0 + 0). Let o(p) = -p**2 + 6*p. Let z be o(r). Calculate the greatest common divisor of z and x.
5
Let j be (-172)/24*-9*8/6. Let y = 86 + 43. What is the greatest common factor of j and y?
43
Let a = -17966 - -17997. Calculate the greatest common factor of 217 and a.
31
Let c be (-4)/(-8)*1192/4. Let o be (-82)/(-246) - c/(-3). Calculate the highest common factor of 100 and o.
50
Suppose 748 = -4*w + 5*l, l = -9*w + 7*w - 374. Let a = 212 + w. Suppose 3*p - 10 = p. Calculate the greatest common factor of p and a.
5
Let r = 660 + -354. Let c be (1/(-1))/((-8)/(-14) - 6320/10080). What is the greatest common divisor of r and c?
18
Let s(c) = c**2 - 24*c + 29. Let i be s(23). Suppose 0 = -i*r + 26 + 28. Calculate the greatest common divisor of r and 333.
9
Let b(f) = 24*f - 17. Let z be b(9). Let h = z - 101. Let x = h - 72. Calculate the highest common factor of 13 and x.
13
Suppose -43 = d - 4*d - 2*n, -5*d + 67 = n. Suppose -3736 = -200*t - 734*t. Calculate the highest common divisor of t and d.
1
Let y = 64 + -58. Suppose j - 14 = y. Let l be (48/18)/(1/3). What is the highest common factor of j and l?
4
Let k(u) = 674*u**2 - 19*u + 15. Let s be k(1). What is the greatest common factor of 134 and s?
134
Suppose 53*t + 82*t - 53130 = -3*t. Calculate the greatest common factor of 660 and t.
55
Let k be 94/((-4)/153*27/(-6)). What is the greatest common factor of 17 and k?
17
Suppose -16*f = -102812 - 20788. Calculate the greatest common divisor of 75 and f.
75
Let f = -25 + 32. Suppose d = -2 + f. Suppose -5*i + u = 2*u - 60, -d*u = i + 12. Calculate the greatest common factor of 52 and i.
13
Let m be (-5)/(15/18) + (2 - -7). Let k(x) = 3*x**3 - x**2 - 4*x - 8. Let u be k(m). What is the highest common factor of u and 12?
4
Suppose 101*l - 125*l = -240. Let h(n) = 4*n + 50. Let v be h(l). Calculate the greatest common factor of v and 45.
45
Let i = -76 + 142. Suppose 30*a + i = 36*a. Let v = 7 - 6. What is the greatest common divisor of a and v?
1
Let f be 2*11 - (29 + (-38 - -16)). Calculate the highest common factor of 1185 and f.
15
Suppose -324 = -r + 3*i + 33, i - 721 = -2*r. What is the greatest common factor of r and 4392?
72
Let m = 9343 + -9303. What is the greatest common divisor of 35 and m?
5
Suppose 59*l - 4 = 58*l. Suppose l*s - f - 23 = 2*s, 3*s = f + 34. Calculate the highest common divisor of 1 and s.
1
Let l be (-6080)/(-440) - 1/((-22)/4). Let j be -7*(-44)/(-6)*(-162)/108. Calculate the greatest common factor of l and j.
7
Suppose -14*h + 12*h - d = 4, 3 = -3*h - 3*d. Let b(o) = -2*o**3 + 3*o**2 + 11*o + 14. Let f be b(h). Calculate the highest common factor of f and 93.
31
Let f(w) = 4*w + 20. Let r be f(-6). Let i(s) = 11*s**2 + 20*s + 10. Let x be i(r). Suppose 7*z - 20 = x. What is the highest common divisor of z and 72?
18
Suppose 0 = 7*t - 30 + 2. Let x be 6*(t/3 + -1). Let r be ((-8)/(-3))/(1/33) + x. Calculate the greatest common factor of 9 and r.
9
Let b(u) = 9*u**2 - 4*u + 3. Let i be b(3). Suppose 2*c - 3*m + m = -10, 0 = 2*c - 5*m + 13. Let y be -24*5/10*c. What is the highest common factor of i and y?
24
Let k(b) = 93*b**2 - 50*b + 332. Let d be k(6). Calculate the greatest common divisor of 13 and d.
13
Let a be (-4)/((-5)/(10/4)). Let v be (232/(-32))/(a/(-152)). What is the highest common factor of v and 19?
19
Let f = 117 + -114. Suppose 0 = -23*q - f*q + 7540. Calculate the greatest common divisor of q and 30.
10
Let l(j) = 27*j**2 + 7*j**2 - 7 + 29 - 5*j**2 + j**3 + 119*j. Let b be l(-24). Calculate the highest common divisor of b and 437.
23
Let j(m) = -m + 5. Let h be j(0). Suppose h*r - 40 = 75. Let z = 92809 + -92786. Calculate the highest common factor of z and r.
23
Suppose 0 = -5*g + 30, f - 4*f + 2*g = -96378. Calculate the greatest common factor of 17 and f.
17
Let t(p) = -p**3 + 25*p**2 - 120*p - 88. Let s be t(18). Calculate the greatest common factor of 1460 and s.
20
Let v(j) = -j**2 + 19*j - 13. Let a be 2/(-9) + (-1071)/(-81). Let q = a + 3. Let p be v(q). What is the greatest common divisor of p and 7?
7
Let w be -74 + (-7)/(21/(-6)). Let g = -70 - w. Suppose -2*r = -i - g*i - 134, 2*r = i + 130. Calculate the greatest common divisor of 8 and r.
8
Let n = -3848 + 3899. What is the greatest common factor of n and 493?
17
Let t = -38596 + 38668. Let u = 83 + -35. Calculate the highest common factor of u and t.
24
Let c(u) be the second derivative of -u**5/20 + 23*u**4/12 - 32*u**3/3 - 4*u**2 - 178*u. Let l be c(19). Calculate the highest common divisor of l and 60.
20
Let m(h) = 3*h**3 - 7*h**2 - h + 3. Let c be m(5). Let z(w) = -2*w + 14. Let f be z(0). Suppose -3*x - f = -68. Calculate the highest common divisor of c and x.
18
Let q(f) = -f**2 - 7*f + 4. Let b be q(-8). Let h be 4 + -3 - (-1 - -8). Let l be (h/(-8) + -2)*(b + 0). What is the greatest common factor of l and 25?
5
Let v(u) = -278*u + 7466. Let z be v(26). Suppose 5*o - 81 - 89 = 0. What is the greatest common factor of z and o?
34
Suppose 0 = -3*l - 0*l + 465. Suppose l = d - 76. Let g(j) = j**2 + 14*j + 66. Let y be g(-5). Calculate the greatest common factor of d and y.
21
Let b be (-10)/(-5)*(-1 + 11). Suppose 0 = b*t - 1095 + 215. What is the greatest common factor of t and 22?
22
Let p be ((-198)/(-45))/(2/10). Suppose -25*n + p*n + 120 = 0. Calculate the greatest common divisor of 30 and n.
10
Suppose -137*q = 56*q + 22*q - 70520. What is the greatest common factor of q and 256?
8
Suppose 8*m = u + 6*m + 392, -2*u - 5*m - 766 = 0. Let s = -304 - u. Let f(d) = d + 1. Let c be f(3). Calculate the highest common factor of s and c.
4
Suppose 2*k = 296 - 1238. Let p = k - -476. Calculat